{"id":159,"date":"2024-01-04T19:10:15","date_gmt":"2024-01-04T19:10:15","guid":{"rendered":"https:\/\/mmcorpo.com\/sitio\/\/?page_id=159"},"modified":"2024-05-10T23:58:26","modified_gmt":"2024-05-10T23:58:26","slug":"terminos_devolucion","status":"publish","type":"page","link":"https:\/\/mmcorpo.com\/sitio\/terminos_devolucion\/","title":{"rendered":"Terminos y condiciones de devolucion"},"content":{"rendered":"\t\t<div data-elementor-type=\"wp-page\" data-elementor-id=\"159\" class=\"elementor elementor-159\">\n\t\t\t\t\t\t\t\t\t<section class=\"elementor-section elementor-top-section elementor-element elementor-element-5a54a7f4 elementor-section-boxed elementor-section-height-default elementor-section-height-default\" data-id=\"5a54a7f4\" data-element_type=\"section\">\n\t\t\t\t\t\t\t<div class=\"elementor-background-overlay\"><\/div>\n\t\t\t\t\t\t\t<div class=\"elementor-container elementor-column-gap-default\">\n\t\t\t\t\t<div class=\"elementor-column elementor-col-25 elementor-top-column elementor-element elementor-element-48c8e10\" data-id=\"48c8e10\" data-element_type=\"column\">\n\t\t\t<div class=\"elementor-widget-wrap elementor-element-populated\">\n\t\t\t\t\t\t\t\t<div class=\"elementor-element elementor-element-ce4fab4 elementor-nav-menu__align-right elementor-nav-menu--stretch elementor-nav-menu__text-align-center elementor-nav-menu--dropdown-tablet elementor-nav-menu--toggle elementor-nav-menu--burger elementor-widget elementor-widget-nav-menu\" data-id=\"ce4fab4\" data-element_type=\"widget\" data-settings=\"{&quot;full_width&quot;:&quot;stretch&quot;,&quot;layout&quot;:&quot;horizontal&quot;,&quot;submenu_icon&quot;:{&quot;value&quot;:&quot;&lt;i class=\\&quot;fas fa-caret-down\\&quot;&gt;&lt;\\\/i&gt;&quot;,&quot;library&quot;:&quot;fa-solid&quot;},&quot;toggle&quot;:&quot;burger&quot;}\" data-widget_type=\"nav-menu.default\">\n\t\t\t\t<div class=\"elementor-widget-container\">\n\t\t\t<link rel=\"stylesheet\" href=\"https:\/\/mmcorpo.com\/sitio\/wp-content\/plugins\/elementor-pro\/assets\/css\/widget-nav-menu.min.css\">\t\t\t<nav migration_allowed=\"1\" migrated=\"0\" role=\"navigation\" class=\"elementor-nav-menu--main elementor-nav-menu__container elementor-nav-menu--layout-horizontal e--pointer-underline e--animation-slide\">\n\t\t\t\t<ul id=\"menu-1-ce4fab4\" class=\"elementor-nav-menu\"><li class=\"menu-item menu-item-type-post_type menu-item-object-page menu-item-home menu-item-151\"><a href=\"https:\/\/mmcorpo.com\/sitio\/\" class=\"elementor-item\">Inicio<\/a><\/li>\n<li class=\"menu-item menu-item-type-post_type menu-item-object-page menu-item-199\"><a href=\"https:\/\/mmcorpo.com\/sitio\/nosotros\/\" class=\"elementor-item\">Nosotros<\/a><\/li>\n<li class=\"menu-item menu-item-type-post_type menu-item-object-page menu-item-747\"><a href=\"https:\/\/mmcorpo.com\/sitio\/servicios\/\" class=\"elementor-item\">Servicios<\/a><\/li>\n<li class=\"menu-item menu-item-type-post_type menu-item-object-page menu-item-2120\"><a href=\"https:\/\/mmcorpo.com\/sitio\/productos\/\" class=\"elementor-item\">Productos<\/a><\/li>\n<\/ul>\t\t\t<\/nav>\n\t\t\t\t\t<div class=\"elementor-menu-toggle\" role=\"button\" tabindex=\"0\" aria-label=\"Menu Toggle\" aria-expanded=\"false\">\n\t\t\t<i aria-hidden=\"true\" role=\"presentation\" class=\"elementor-menu-toggle__icon--open eicon-menu-bar\"><\/i><i aria-hidden=\"true\" role=\"presentation\" class=\"elementor-menu-toggle__icon--close eicon-close\"><\/i>\t\t\t<span class=\"elementor-screen-only\">Menu<\/span>\n\t\t<\/div>\n\t\t\t<nav class=\"elementor-nav-menu--dropdown elementor-nav-menu__container\" role=\"navigation\" aria-hidden=\"true\">\n\t\t\t\t<ul id=\"menu-2-ce4fab4\" class=\"elementor-nav-menu\"><li class=\"menu-item menu-item-type-post_type menu-item-object-page menu-item-home menu-item-151\"><a href=\"https:\/\/mmcorpo.com\/sitio\/\" class=\"elementor-item\" tabindex=\"-1\">Inicio<\/a><\/li>\n<li class=\"menu-item menu-item-type-post_type menu-item-object-page menu-item-199\"><a href=\"https:\/\/mmcorpo.com\/sitio\/nosotros\/\" class=\"elementor-item\" tabindex=\"-1\">Nosotros<\/a><\/li>\n<li class=\"menu-item menu-item-type-post_type menu-item-object-page menu-item-747\"><a href=\"https:\/\/mmcorpo.com\/sitio\/servicios\/\" class=\"elementor-item\" tabindex=\"-1\">Servicios<\/a><\/li>\n<li class=\"menu-item menu-item-type-post_type menu-item-object-page menu-item-2120\"><a href=\"https:\/\/mmcorpo.com\/sitio\/productos\/\" class=\"elementor-item\" tabindex=\"-1\">Productos<\/a><\/li>\n<\/ul>\t\t\t<\/nav>\n\t\t\t\t<\/div>\n\t\t\t\t<\/div>\n\t\t\t\t\t<\/div>\n\t\t<\/div>\n\t\t\t\t<div class=\"elementor-column elementor-col-25 elementor-top-column elementor-element elementor-element-d9cc472\" data-id=\"d9cc472\" data-element_type=\"column\">\n\t\t\t<div class=\"elementor-widget-wrap elementor-element-populated\">\n\t\t\t\t\t\t\t\t<div class=\"elementor-element elementor-element-1daf456f elementor-absolute elementor-widget-tablet__width-initial elementor-widget-mobile__width-initial elementor-widget elementor-widget-image\" data-id=\"1daf456f\" data-element_type=\"widget\" data-settings=\"{&quot;_position&quot;:&quot;absolute&quot;}\" data-widget_type=\"image.default\">\n\t\t\t\t<div class=\"elementor-widget-container\">\n\t\t\t<style>\/*! elementor - v3.7.8 - 02-10-2022 *\/\n.elementor-widget-image{text-align:center}.elementor-widget-image a{display:inline-block}.elementor-widget-image a img[src$=\".svg\"]{width:48px}.elementor-widget-image img{vertical-align:middle;display:inline-block}<\/style>\t\t\t\t\t\t\t\t\t\t\t\t<img loading=\"lazy\" decoding=\"async\" width=\"300\" height=\"199\" src=\"https:\/\/mmcorpo.com\/sitio\/wp-content\/uploads\/2022\/08\/logoblanco-300x199.png\" class=\"attachment-medium size-medium\" alt=\"\" srcset=\"https:\/\/mmcorpo.com\/sitio\/wp-content\/uploads\/2022\/08\/logoblanco-300x199.png 300w, https:\/\/mmcorpo.com\/sitio\/wp-content\/uploads\/2022\/08\/logoblanco-1024x681.png 1024w, https:\/\/mmcorpo.com\/sitio\/wp-content\/uploads\/2022\/08\/logoblanco-768x511.png 768w, https:\/\/mmcorpo.com\/sitio\/wp-content\/uploads\/2022\/08\/logoblanco-600x399.png 600w, https:\/\/mmcorpo.com\/sitio\/wp-content\/uploads\/2022\/08\/logoblanco.png 1280w\" sizes=\"auto, (max-width: 300px) 100vw, 300px\" \/>\t\t\t\t\t\t\t\t\t\t\t\t\t\t\t<\/div>\n\t\t\t\t<\/div>\n\t\t\t\t\t<\/div>\n\t\t<\/div>\n\t\t\t\t<div class=\"elementor-column elementor-col-25 elementor-top-column elementor-element elementor-element-7447355d\" data-id=\"7447355d\" data-element_type=\"column\">\n\t\t\t<div class=\"elementor-widget-wrap elementor-element-populated\">\n\t\t\t\t\t\t\t\t<div class=\"elementor-element elementor-element-6c1c7225 elementor-nav-menu__align-center elementor-nav-menu--stretch elementor-nav-menu__text-align-center elementor-nav-menu--dropdown-tablet elementor-nav-menu--toggle elementor-nav-menu--burger elementor-widget elementor-widget-nav-menu\" data-id=\"6c1c7225\" data-element_type=\"widget\" data-settings=\"{&quot;full_width&quot;:&quot;stretch&quot;,&quot;layout&quot;:&quot;horizontal&quot;,&quot;submenu_icon&quot;:{&quot;value&quot;:&quot;&lt;i class=\\&quot;fas fa-caret-down\\&quot;&gt;&lt;\\\/i&gt;&quot;,&quot;library&quot;:&quot;fa-solid&quot;},&quot;toggle&quot;:&quot;burger&quot;}\" data-widget_type=\"nav-menu.default\">\n\t\t\t\t<div class=\"elementor-widget-container\">\n\t\t\t\t\t\t<nav migration_allowed=\"1\" migrated=\"0\" role=\"navigation\" class=\"elementor-nav-menu--main elementor-nav-menu__container elementor-nav-menu--layout-horizontal e--pointer-underline e--animation-slide\">\n\t\t\t\t<ul id=\"menu-1-6c1c7225\" class=\"elementor-nav-menu\"><li class=\"menu-item menu-item-type-post_type menu-item-object-page menu-item-267\"><a href=\"https:\/\/mmcorpo.com\/sitio\/contacto\/\" class=\"elementor-item\">Contacto<\/a><\/li>\n<li class=\"menu-item menu-item-type-post_type menu-item-object-page menu-item-1496\"><a href=\"https:\/\/mmcorpo.com\/sitio\/tienda-virtual\/\" class=\"elementor-item\">Tienda<\/a><\/li>\n<li class=\"menu-item menu-item-type-post_type menu-item-object-page menu-item-2562\"><a href=\"https:\/\/mmcorpo.com\/sitio\/mi-cuenta\/\" class=\"elementor-item\">Iniciar Sesi\u00f3n<\/a><\/li>\n<\/ul>\t\t\t<\/nav>\n\t\t\t\t\t<div class=\"elementor-menu-toggle\" role=\"button\" tabindex=\"0\" aria-label=\"Menu Toggle\" aria-expanded=\"false\">\n\t\t\t<i aria-hidden=\"true\" role=\"presentation\" class=\"elementor-menu-toggle__icon--open eicon-menu-bar\"><\/i><i aria-hidden=\"true\" role=\"presentation\" class=\"elementor-menu-toggle__icon--close eicon-close\"><\/i>\t\t\t<span class=\"elementor-screen-only\">Menu<\/span>\n\t\t<\/div>\n\t\t\t<nav class=\"elementor-nav-menu--dropdown elementor-nav-menu__container\" role=\"navigation\" aria-hidden=\"true\">\n\t\t\t\t<ul id=\"menu-2-6c1c7225\" class=\"elementor-nav-menu\"><li class=\"menu-item menu-item-type-post_type menu-item-object-page menu-item-267\"><a href=\"https:\/\/mmcorpo.com\/sitio\/contacto\/\" class=\"elementor-item\" tabindex=\"-1\">Contacto<\/a><\/li>\n<li class=\"menu-item menu-item-type-post_type menu-item-object-page menu-item-1496\"><a href=\"https:\/\/mmcorpo.com\/sitio\/tienda-virtual\/\" class=\"elementor-item\" tabindex=\"-1\">Tienda<\/a><\/li>\n<li class=\"menu-item menu-item-type-post_type menu-item-object-page menu-item-2562\"><a href=\"https:\/\/mmcorpo.com\/sitio\/mi-cuenta\/\" class=\"elementor-item\" tabindex=\"-1\">Iniciar Sesi\u00f3n<\/a><\/li>\n<\/ul>\t\t\t<\/nav>\n\t\t\t\t<\/div>\n\t\t\t\t<\/div>\n\t\t\t\t\t<\/div>\n\t\t<\/div>\n\t\t\t\t<div class=\"elementor-column elementor-col-25 elementor-top-column elementor-element elementor-element-14e93ac6\" data-id=\"14e93ac6\" data-element_type=\"column\">\n\t\t\t<div class=\"elementor-widget-wrap elementor-element-populated\">\n\t\t\t\t\t\t\t\t\t<\/div>\n\t\t<\/div>\n\t\t\t\t\t\t\t<\/div>\n\t\t<\/section>\n\t\t\t\t<section class=\"elementor-section elementor-top-section elementor-element elementor-element-692bb653 elementor-section-boxed elementor-section-height-default elementor-section-height-default\" data-id=\"692bb653\" data-element_type=\"section\" data-settings=\"{&quot;background_background&quot;:&quot;classic&quot;}\">\n\t\t\t\t\t\t\t<div class=\"elementor-background-overlay\"><\/div>\n\t\t\t\t\t\t\t<div class=\"elementor-container elementor-column-gap-default\">\n\t\t\t\t\t<div class=\"elementor-column elementor-col-100 elementor-top-column elementor-element elementor-element-5de28ece\" data-id=\"5de28ece\" data-element_type=\"column\">\n\t\t\t<div class=\"elementor-widget-wrap elementor-element-populated\">\n\t\t\t\t\t\t\t\t<div class=\"elementor-element elementor-element-35d7697d elementor-widget elementor-widget-heading\" data-id=\"35d7697d\" data-element_type=\"widget\" data-widget_type=\"heading.default\">\n\t\t\t\t<div class=\"elementor-widget-container\">\n\t\t\t<style>\/*! elementor - v3.7.8 - 02-10-2022 *\/\n.elementor-heading-title{padding:0;margin:0;line-height:1}.elementor-widget-heading .elementor-heading-title[class*=elementor-size-]>a{color:inherit;font-size:inherit;line-height:inherit}.elementor-widget-heading .elementor-heading-title.elementor-size-small{font-size:15px}.elementor-widget-heading .elementor-heading-title.elementor-size-medium{font-size:19px}.elementor-widget-heading .elementor-heading-title.elementor-size-large{font-size:29px}.elementor-widget-heading .elementor-heading-title.elementor-size-xl{font-size:39px}.elementor-widget-heading .elementor-heading-title.elementor-size-xxl{font-size:59px}<\/style><h1 class=\"elementor-heading-title elementor-size-default\">T\u00e9RMINOS Y CONDICIONES DE DEVOLUCI\u00d3N<\/h1>\t\t<\/div>\n\t\t\t\t<\/div>\n\t\t\t\t<div class=\"elementor-element elementor-element-6ae64af7 elementor-hidden-desktop elementor-hidden-tablet elementor-hidden-phone elementor-view-default elementor-widget elementor-widget-icon\" data-id=\"6ae64af7\" data-element_type=\"widget\" data-widget_type=\"icon.default\">\n\t\t\t\t<div class=\"elementor-widget-container\">\n\t\t\t\t\t<div class=\"elementor-icon-wrapper\">\n\t\t\t<div class=\"elementor-icon\">\n\t\t\t<i aria-hidden=\"true\" class=\"fas fa-star\"><\/i>\t\t\t<\/div>\n\t\t<\/div>\n\t\t\t\t<\/div>\n\t\t\t\t<\/div>\n\t\t\t\t\t<\/div>\n\t\t<\/div>\n\t\t\t\t\t\t\t<\/div>\n\t\t<\/section>\n\t\t\t\t<section class=\"elementor-section elementor-top-section elementor-element elementor-element-66c0203d elementor-section-boxed elementor-section-height-default elementor-section-height-default\" data-id=\"66c0203d\" data-element_type=\"section\">\n\t\t\t\t\t\t<div class=\"elementor-container elementor-column-gap-default\">\n\t\t\t\t\t<div class=\"elementor-column elementor-col-100 elementor-top-column elementor-element elementor-element-62b42604\" data-id=\"62b42604\" data-element_type=\"column\">\n\t\t\t<div class=\"elementor-widget-wrap elementor-element-populated\">\n\t\t\t\t\t\t\t\t<div class=\"elementor-element elementor-element-a33d502 elementor-widget elementor-widget-text-editor\" data-id=\"a33d502\" data-element_type=\"widget\" data-widget_type=\"text-editor.default\">\n\t\t\t\t<div class=\"elementor-widget-container\">\n\t\t\t<style>\/*! elementor - v3.7.8 - 02-10-2022 *\/\n.elementor-widget-text-editor.elementor-drop-cap-view-stacked .elementor-drop-cap{background-color:#818a91;color:#fff}.elementor-widget-text-editor.elementor-drop-cap-view-framed .elementor-drop-cap{color:#818a91;border:3px solid;background-color:transparent}.elementor-widget-text-editor:not(.elementor-drop-cap-view-default) .elementor-drop-cap{margin-top:8px}.elementor-widget-text-editor:not(.elementor-drop-cap-view-default) .elementor-drop-cap-letter{width:1em;height:1em}.elementor-widget-text-editor .elementor-drop-cap{float:left;text-align:center;line-height:1;font-size:50px}.elementor-widget-text-editor .elementor-drop-cap-letter{display:inline-block}<\/style>\t\t\t\t<!-- wp:paragraph -->\n<p><strong>TERMINOS DE PAGOS<\/strong><\/p>\n<p>Todos sus pagos ser\u00e1n procesados a trav\u00e9s de Openpay<\/p>\n<p><strong>REQUISITOS DE DEVOLUCI\u00d3N DE PRODUCTO<\/strong><\/p>\n<p>Mande mensaje por WhatsApp al n\u00famero 6862881349 donde exponga el motivo de devoluci\u00f3n y recibir\u00e1 un numero de autorizaci\u00f3n.<\/p>\n<p>Tenga en cuenta: los clientes ser\u00e1n responsables de los costos de envi\u00f3 en las ordenes de devoluci\u00f3n.<br \/><br \/><\/p>\n<p><strong>LAPSO DE DEVOLUCI\u00d3N<\/strong><\/p>\n<p>Tiene 5 d\u00edas naturales para devolver el producto desde que lo recibe.<br \/><br \/><\/p>\n<p><strong>CONDICIONES DEL PRODUCTO<\/strong><\/p>\n<ul>\n<li>Debe estar en perfecto estado y no tener marca de uso.<\/li>\n<li>Debe tener sus accesorios, manuales y etiquetas.<\/li>\n<li>Debe estar en el empaque original de la marca.<\/li>\n<\/ul>\n<p>\u00a0<\/p>\n<p><strong>Si el producto tiene un problema o est\u00e1 incompleto:<\/strong><\/p>\n<ul>\n<li>Cuando lo devuelva y lo revisemos, debe estar en las mismas condiciones que describa al reclamar.<\/li>\n<li>Debe tener todos sus accesorios tal cual llegaron.<\/li>\n<\/ul>\n<p>\u00a0<\/p>\n<p><strong>\u00bfQu\u00e9 pasa si devuelvo un producto que no cumple con estas condiciones?<\/strong><\/p>\n<p>Dependiendo del resultado de la revisi\u00f3n que hagamos del producto, podr\u00edamos enviarlo de vuelta o descontar una parte del reembolso.<\/p>\n<p>\u00a0<\/p>\n<p><strong>\u00bfCu\u00e1ndo me reembolsan el dinero?<\/strong><\/p>\n<p>Haremos el reembolso 3 d\u00edas h\u00e1biles despu\u00e9s de que llegue el producto, una vez que revisemos si cumple con las pol\u00edticas de devoluci\u00f3n.<\/p>\n<p>Donde se le har\u00e1 el reembolso:<\/p>\n<p>Se reembolsa el dinero en el mismo medio de pago que usaste para comprar.<\/p>\t\t\t\t\t\t<\/div>\n\t\t\t\t<\/div>\n\t\t\t\t\t<\/div>\n\t\t<\/div>\n\t\t\t\t\t\t\t<\/div>\n\t\t<\/section>\n\t\t\t\t\t\t\t<\/div>\n\t\t","protected":false},"excerpt":{"rendered":"<p>T\u00e9RMINOS Y CONDICIONES DE DEVOLUCI\u00d3N TERMINOS DE PAGOS Todos sus pagos ser\u00e1n procesados a trav\u00e9s de Openpay REQUISITOS DE DEVOLUCI\u00d3N DE PRODUCTO Mande mensaje por WhatsApp al n\u00famero 6862881349 donde exponga el motivo de devoluci\u00f3n y recibir\u00e1 un numero de autorizaci\u00f3n. Tenga en cuenta: los clientes ser\u00e1n responsables de los costos de envi\u00f3 en las [&hellip;]<\/p>\n","protected":false},"author":1,"featured_media":0,"parent":0,"menu_order":0,"comment_status":"closed","ping_status":"closed","template":"","meta":{"footnotes":""},"class_list":["post-159","page","type-page","status-publish","hentry"],"yoast_head":"<!-- This site is optimized with the Yoast SEO plugin v19.9 - https:\/\/yoast.com\/wordpress\/plugins\/seo\/ -->\n<title>Terminos y condiciones de devolucion - MMCorpo<\/title>\n<meta name=\"robots\" content=\"index, follow, max-snippet:-1, max-image-preview:large, max-video-preview:-1\" \/>\n<link rel=\"canonical\" href=\"https:\/\/mmcorpo.com\/sitio\/terminos_devolucion\/\" \/>\n<meta property=\"og:locale\" content=\"es_MX\" \/>\n<meta property=\"og:type\" content=\"article\" \/>\n<meta property=\"og:title\" content=\"Terminos y condiciones de devolucion - MMCorpo\" \/>\n<meta property=\"og:description\" content=\"T\u00e9RMINOS Y CONDICIONES DE DEVOLUCI\u00d3N TERMINOS DE PAGOS Todos sus pagos ser\u00e1n procesados a trav\u00e9s de Openpay REQUISITOS DE DEVOLUCI\u00d3N DE PRODUCTO Mande mensaje por WhatsApp al n\u00famero 6862881349 donde exponga el motivo de devoluci\u00f3n y recibir\u00e1 un numero de autorizaci\u00f3n. Tenga en cuenta: los clientes ser\u00e1n responsables de los costos de envi\u00f3 en las [&hellip;]\" \/>\n<meta property=\"og:url\" content=\"https:\/\/mmcorpo.com\/sitio\/terminos_devolucion\/\" \/>\n<meta property=\"og:site_name\" content=\"MMCorpo\" \/>\n<meta property=\"article:publisher\" content=\"https:\/\/www.facebook.com\/MMCorpo\/?fref=ts\" \/>\n<meta property=\"article:modified_time\" content=\"2024-05-10T23:58:26+00:00\" \/>\n<meta property=\"og:image\" content=\"https:\/\/mmcorpo.com\/sitio\/wp-content\/uploads\/2022\/08\/logoblanco-300x199.png\" \/>\n<meta name=\"twitter:card\" content=\"summary_large_image\" \/>\n<meta name=\"twitter:label1\" content=\"Tiempo de lectura\" \/>\n\t<meta name=\"twitter:data1\" content=\"2 minutos\" \/>\n<script type=\"application\/ld+json\" class=\"yoast-schema-graph\">{\"@context\":\"https:\/\/schema.org\",\"@graph\":[{\"@type\":\"WebPage\",\"@id\":\"https:\/\/mmcorpo.com\/sitio\/terminos_devolucion\/\",\"url\":\"https:\/\/mmcorpo.com\/sitio\/terminos_devolucion\/\",\"name\":\"Terminos y condiciones de devolucion - MMCorpo\",\"isPartOf\":{\"@id\":\"https:\/\/mmcorpo.com\/sitio\/#website\"},\"datePublished\":\"2024-01-04T19:10:15+00:00\",\"dateModified\":\"2024-05-10T23:58:26+00:00\",\"breadcrumb\":{\"@id\":\"https:\/\/mmcorpo.com\/sitio\/terminos_devolucion\/#breadcrumb\"},\"inLanguage\":\"es\",\"potentialAction\":[{\"@type\":\"ReadAction\",\"target\":[\"https:\/\/mmcorpo.com\/sitio\/terminos_devolucion\/\"]}]},{\"@type\":\"BreadcrumbList\",\"@id\":\"https:\/\/mmcorpo.com\/sitio\/terminos_devolucion\/#breadcrumb\",\"itemListElement\":[{\"@type\":\"ListItem\",\"position\":1,\"name\":\"Inicio\",\"item\":\"https:\/\/mmcorpo.com\/sitio\/\"},{\"@type\":\"ListItem\",\"position\":2,\"name\":\"Terminos y condiciones de devolucion\"}]},{\"@type\":\"WebSite\",\"@id\":\"https:\/\/mmcorpo.com\/sitio\/#website\",\"url\":\"https:\/\/mmcorpo.com\/sitio\/\",\"name\":\"MMCorpo\",\"description\":\"El poder que te mueve\",\"publisher\":{\"@id\":\"https:\/\/mmcorpo.com\/sitio\/#organization\"},\"potentialAction\":[{\"@type\":\"SearchAction\",\"target\":{\"@type\":\"EntryPoint\",\"urlTemplate\":\"https:\/\/mmcorpo.com\/sitio\/?s={search_term_string}\"},\"query-input\":\"required name=search_term_string\"}],\"inLanguage\":\"es\"},{\"@type\":\"Organization\",\"@id\":\"https:\/\/mmcorpo.com\/sitio\/#organization\",\"name\":\"MMCorpo\",\"url\":\"https:\/\/mmcorpo.com\/sitio\/\",\"logo\":{\"@type\":\"ImageObject\",\"inLanguage\":\"es\",\"@id\":\"https:\/\/mmcorpo.com\/sitio\/#\/schema\/logo\/image\/\",\"url\":\"https:\/\/mmcorpo.com\/sitio\/wp-content\/uploads\/2022\/10\/favicon.png\",\"contentUrl\":\"https:\/\/mmcorpo.com\/sitio\/wp-content\/uploads\/2022\/10\/favicon.png\",\"width\":312,\"height\":312,\"caption\":\"MMCorpo\"},\"image\":{\"@id\":\"https:\/\/mmcorpo.com\/sitio\/#\/schema\/logo\/image\/\"},\"sameAs\":[\"https:\/\/www.instagram.com\/mm.corporativo\/\",\"https:\/\/www.facebook.com\/MMCorpo\/?fref=ts\"]}]}<\/script>\n<!-- \/ Yoast SEO plugin. -->","yoast_head_json":{"title":"Terminos y condiciones de devolucion - MMCorpo","robots":{"index":"index","follow":"follow","max-snippet":"max-snippet:-1","max-image-preview":"max-image-preview:large","max-video-preview":"max-video-preview:-1"},"canonical":"https:\/\/mmcorpo.com\/sitio\/terminos_devolucion\/","og_locale":"es_MX","og_type":"article","og_title":"Terminos y condiciones de devolucion - MMCorpo","og_description":"T\u00e9RMINOS Y CONDICIONES DE DEVOLUCI\u00d3N TERMINOS DE PAGOS Todos sus pagos ser\u00e1n procesados a trav\u00e9s de Openpay REQUISITOS DE DEVOLUCI\u00d3N DE PRODUCTO Mande mensaje por WhatsApp al n\u00famero 6862881349 donde exponga el motivo de devoluci\u00f3n y recibir\u00e1 un numero de autorizaci\u00f3n. Tenga en cuenta: los clientes ser\u00e1n responsables de los costos de envi\u00f3 en las [&hellip;]","og_url":"https:\/\/mmcorpo.com\/sitio\/terminos_devolucion\/","og_site_name":"MMCorpo","article_publisher":"https:\/\/www.facebook.com\/MMCorpo\/?fref=ts","article_modified_time":"2024-05-10T23:58:26+00:00","og_image":[{"url":"https:\/\/mmcorpo.com\/sitio\/wp-content\/uploads\/2022\/08\/logoblanco-300x199.png"}],"twitter_card":"summary_large_image","twitter_misc":{"Tiempo de lectura":"2 minutos"},"schema":{"@context":"https:\/\/schema.org","@graph":[{"@type":"WebPage","@id":"https:\/\/mmcorpo.com\/sitio\/terminos_devolucion\/","url":"https:\/\/mmcorpo.com\/sitio\/terminos_devolucion\/","name":"Terminos y condiciones de devolucion - MMCorpo","isPartOf":{"@id":"https:\/\/mmcorpo.com\/sitio\/#website"},"datePublished":"2024-01-04T19:10:15+00:00","dateModified":"2024-05-10T23:58:26+00:00","breadcrumb":{"@id":"https:\/\/mmcorpo.com\/sitio\/terminos_devolucion\/#breadcrumb"},"inLanguage":"es","potentialAction":[{"@type":"ReadAction","target":["https:\/\/mmcorpo.com\/sitio\/terminos_devolucion\/"]}]},{"@type":"BreadcrumbList","@id":"https:\/\/mmcorpo.com\/sitio\/terminos_devolucion\/#breadcrumb","itemListElement":[{"@type":"ListItem","position":1,"name":"Inicio","item":"https:\/\/mmcorpo.com\/sitio\/"},{"@type":"ListItem","position":2,"name":"Terminos y condiciones de devolucion"}]},{"@type":"WebSite","@id":"https:\/\/mmcorpo.com\/sitio\/#website","url":"https:\/\/mmcorpo.com\/sitio\/","name":"MMCorpo","description":"El poder que te mueve","publisher":{"@id":"https:\/\/mmcorpo.com\/sitio\/#organization"},"potentialAction":[{"@type":"SearchAction","target":{"@type":"EntryPoint","urlTemplate":"https:\/\/mmcorpo.com\/sitio\/?s={search_term_string}"},"query-input":"required name=search_term_string"}],"inLanguage":"es"},{"@type":"Organization","@id":"https:\/\/mmcorpo.com\/sitio\/#organization","name":"MMCorpo","url":"https:\/\/mmcorpo.com\/sitio\/","logo":{"@type":"ImageObject","inLanguage":"es","@id":"https:\/\/mmcorpo.com\/sitio\/#\/schema\/logo\/image\/","url":"https:\/\/mmcorpo.com\/sitio\/wp-content\/uploads\/2022\/10\/favicon.png","contentUrl":"https:\/\/mmcorpo.com\/sitio\/wp-content\/uploads\/2022\/10\/favicon.png","width":312,"height":312,"caption":"MMCorpo"},"image":{"@id":"https:\/\/mmcorpo.com\/sitio\/#\/schema\/logo\/image\/"},"sameAs":["https:\/\/www.instagram.com\/mm.corporativo\/","https:\/\/www.facebook.com\/MMCorpo\/?fref=ts"]}]}},"_links":{"self":[{"href":"https:\/\/mmcorpo.com\/sitio\/wp-json\/wp\/v2\/pages\/159","targetHints":{"allow":["GET"]}}],"collection":[{"href":"https:\/\/mmcorpo.com\/sitio\/wp-json\/wp\/v2\/pages"}],"about":[{"href":"https:\/\/mmcorpo.com\/sitio\/wp-json\/wp\/v2\/types\/page"}],"author":[{"embeddable":true,"href":"https:\/\/mmcorpo.com\/sitio\/wp-json\/wp\/v2\/users\/1"}],"replies":[{"embeddable":true,"href":"https:\/\/mmcorpo.com\/sitio\/wp-json\/wp\/v2\/comments?post=159"}],"version-history":[{"count":11,"href":"https:\/\/mmcorpo.com\/sitio\/wp-json\/wp\/v2\/pages\/159\/revisions"}],"predecessor-version":[{"id":2727,"href":"https:\/\/mmcorpo.com\/sitio\/wp-json\/wp\/v2\/pages\/159\/revisions\/2727"}],"wp:attachment":[{"href":"https:\/\/mmcorpo.com\/sitio\/wp-json\/wp\/v2\/media?parent=159"}],"curies":[{"name":"wp","href":"https:\/\/api.w.org\/{rel}","templated":true}]}}